12 + 45 + -71 - (24 - 1)
-35
What is the value of -50 + -36 + 48 + 78?
40
(708 - 733) + 1 + 23 + 81
80
(11 - (0 - 2)) + (479 - 466) + (-94 - 2)
-70
What is the value of -38 + 49 + -22 + (4 - (105 + -3 - -4))?
-113
What is 56 - ((11 - 3) + 33)?
15
What is the value of 40 + (6 + -11 + (10 - 22) + 22 - -3)?
48
Calculate 59 + 77 + 21 + -180.
-23
What is the value of 9 + -20 - (6 - 5 - 9)?
-3
What is the value of 10 + 8 + 7 + -15 - (-10 + 14 + -5)?
11
What is the value of -16 + 14 + (19 - 24) + -10?
-17
(-4 + 22 - (8 - 12) - 6) + -4 + -7
5
What is 0 + (-17 - -1) + (322 - (75 - -236))?
-5
Evaluate -59 - ((0 - -19 - (7 + 0 - -2)) + 1).
-70
Evaluate (-11 - -3 - -8) + 19 + 62 - 10.
71
1953 - 1922 - (104 + 1 - 0)
-74
Calculate 0 - 23 - ((-2 - -1) + (2800 - 2750)).
-72
What is 8 + 2 + -9 - (-72 + 14 - -21)?
38
Calculate -71 + 20 - (-25 + 5).
-31
What is 37 - (-18 + 11) - (27 - 26)?
43
-3 + -11 + 111 + -10 + 2 + 23
112
What is -81 + (-98 + 142 - -12)?
-25
What is the value of (-7 - -161 - 173) + -1 + -46?
-66
Calculate (0 + -183 - -159) + (0 - (-5 + 3) - 14).
-36
What is the value of -155 + 46 + (-28 - 4) - ((2 - 4) + 6)?
-145
-54 - (19 + -67) - (-15 + 0)
9
What is 3 + (9 + -44 + -6 - (-3 - -2 - 8))?
-29
Evaluate 0 + -23 + 18 - -67.
62
What is the value of -13 + 10 + -29 + 14 - (1 - 6)?
-13
What is the value of -9126 - -9225 - (163 + -1)?
-63
1 - (52 + 23 + -24 + -13 + -1 + -5)
-31
Evaluate 34 + 26 + -9 + -16 + 3.
38
What is the value of -89 - -136 - (-4 - -6 - (-1 + 7) - -1)?
50
Calculate 48 - (0 + (15 - 3 - 33) + 17).
52
What is (-5 + -1 - (188 + -68) - 20) + 10?
-136
What is the value of -1 - -38 - (5 + 7 + (5 - 9) - -2)?
27
Calculate 14 + (22 + -5 - 8) - 4.
19
Evaluate (-37 - (-1 + 2)) + (227 - 309) + 71.
-49
Calculate 60 + 2 + ((20 - -5) + -15 - (-2 + 10)).
64
What is the value of (36 + -18 - -18) + -13 - 78?
-55
What is the value of -42 - ((-65 - -24) + 27 + -10)?
-18
-6 + (90 + -87 - (1 - -7)) + -72 + -4
-87
13 + 1 + (-27 - (-49 - (-109 - -16)))
-57
Calculate -122 + (19 - (-77 - -23)).
-49
What is the value of 0 + 15 + -6 + 5 - (104 + -4 + -5)?
-81
(-64 - 0) + -8 + (-27 - -13) + 31
-55
What is the value of (-1 - -14) + (61 - (-14 - (22 - 67)))?
43
What is the value of 2 - -1 - (3926 - 3923)?
0
Calculate 34 + -36 + 62 + -22 - 85.
-47
Evaluate (-25 - 76 - -81) + 55.
35
-1 + -9 - (-18 + (-106 - -67))
47
Calculate (-47 - -15) + 44 - (-1 - 2 - 7).
22
7 + (-14 - -86) - 52
27
What is 2 - 1 - -16 - (-183 + 297 - 128)?
31
-3 - -1 - (70 - (-20 - 8 - -21))
-79
1 - -66 - (1 + -5 + 3 + (-494 - -486))
76
Evaluate (3 - 2 - 7) + 73 + (10 - 13).
64
Evaluate 133 + (-47 - (-76 + 170)).
-8
What is the value of 44 - (135 - 111) - 116?
-96
What is 19 - (131 - 30) - -53?
-29
What is the value of (55 - 171) + 190 + -120?
-46
Calculate -43 - (40 - (13 - -27)).
-43
1 + 1 + -55 - (-424 + 429 + (-6 - -1))
-53
What is -26 + 51 + -62 + 2 + (3 - 8)?
-40
What is -67 + 25 + 49 - 55?
-48
What is the value of -9 + (-19 - (13 - 34 - -11)) + 3?
-15
What is -6 - (0 - 14 - (22 - 28) - -1)?
1
Calculate (-551 - -555) + (2 + (-87 - 0) - -1).
-80
What is the value of (-8 - (-146 + 11)) + (-11 - -8 - -4 - -9)?
137
129 - (-16 + 20 + 25 + 4)
96
Calculate -67 - (-2 - (61 - 16)).
-20
-38 + 21 - (6 + -18 + -6 + 11) - -45
35
What is the value of -1348 + 1377 - (1 - 55 - 7)?
90
What is the value of -110 - (78 + -124 + -63)?
-1
What is 32 - ((-7 - -3 - -9) + -1 - 5)?
33
Calculate 53 - (-11 + 98 - -3).
-37
What is -69 + -28 + 214 + -97?
20
2 + (136 - 27) + -54
57
Calculate 7 - (-1 + -10) - (-98 + 6 - -23).
87
Calculate (10 - 7) + (-39 - (-1 + -1 + 1)) + -8.
-43
What is (-164 - (-20 - 39 - -22)) + -3?
-130
Evaluate -38 - ((183 - 74) + -126).
-21
Calculate -37 + 27 + 22 + -41.
-29
What is the value of (-16 - -8) + (6 - -13) + (0 - 16) + 32?
27
-16 + (22 - (-37 + 30)) + (8 - 1)
20
Evaluate (0 + 1 - (-31 - (-12 + -37 + 11))) + -42.
-48
What is the value of (48 - 39) + -2 + -5 + 3 + -35 + 1?
-29
What is -20 - (0 - 1) - (-86724 + 86700)?
5
What is (-46 - (-57 + 12)) + 1 + 0?
0
Calculate (-32 - -34) + -23 + -6 + 64.
37
Calculate 6 + (5 - (-2 - -2)) + (-35 - -14) + 15.
5
Evaluate -117 - -2 - (-7034 + 7020).
-101
-1 - 89 - (2839 + -2861)
-68
Evaluate 6 + 1 - (-1049 + 1084).
-28
What is the value of (62 - 41) + -14 + -68?
-61
Evaluate (34 - (35 + -32 + 20)) + (7 - -1).
19
What is the value of 18 + (6 - 9) + -61 + (-5 - -10)?
-41
Evaluate (31 - 46) + 38 - 22.
1
Evaluate (-11 - (12 + -12) - (5 - 9)) + (-32 - 3).
-42
55 + -120 + -2 + 2 - -10 - -2
-53
What is the value of 99 + (2 - -1) + 10 + 3 + -17 - 14?
84
Calculate -17 + -1 - (31 + -54) - (-1 - -95).
-89
Evaluate -17 - 1 - (-16 - -31).
-33
Evaluate -34 + -37 + -22 + 52.
-41
What is 10 + (-4 - -43) - (-25 + 25)?
49
-2 + 1 + -8 - (-17 + (13 - 28))
23
Calculate (-105 - -81 - 132) + (13 - (0 + 0)).
-143
(63 - 23) + (27 - 93) - 82
-108
-8 - ((-5 - 5) + (64 + -25 - (-1 + 4)))
-34
Evaluate (-37 - 7) + 7 - (4 + -3).
-38
Calculate (-633 - -633 - (-124 + 2 - 1) - 6) + 5.
122
Calculate 6 - 53 - 76 - -72.
-51
Calculate (29 + (8 + -11 - 2) - (-4 + 9)) + 10.
29
Evaluate -33 + -3 - -103 - 22.
45
Evaluate (-9 + 0 + 30 + -9 + 14 - -6) + 6.
38
Evaluate -10 - (16 + (-10 - (-12 + (8 - -6)))).
-14
What is 7 + (-2 - 3) - (-85 + 117)?
-30
-96 + 21 + -2 + 4
-73
What is -2 + 18 + 1 + -4 - (-81 - -167)?
-73
What is -56 + (18 + (0 - 17) - 12)?
-67
(-155 - -85) + 70 - 70
-70
Calculate -101 - (-22 + (7 + 0 - 15)).
-71
What is the value of 279 + -246 + (-6 - 2)?
25
14 + (7 + -17 - (7 - 7))
4
Calculate -20 - (-10 - 50) - 31.
9
What is 2 + 0 + -51 + (4 + 22 - 18) - -8?
-33
Evaluate -228 + (-28 - (115 + -268)).
-103
Evaluate (-58 - (-147 + 30)) + -145.
-86
What is -5 + 9 + -11 + -1 + 15 + (-9 - -110)?
108
Calculate 307 + (446 - 695) + (0 - -8 - -1).
67
Evaluate -53 + 22 + 73 + -18.
24
What is the value of (23 - (-20 + 18 + 4)) + (4 - -17)?
42
(-29 - -2) + 1 - (2607 + -2651)
18
Evaluate -10 + (-6 + (-3 - (5 + -38)) - (-25 - -13)).
26
What is the value of -42 - (-20 + 1 + (5 - (-13 + 9)))?
-32
What is -6 + (17 + -34 - -36) - (2 + 4)?
7
What is the value of (-114 + -1 - -1) + 0 + (10 + 375 - 369)?
-98
What is -6 - (-56 - (18 + 15 - 8))?
75
Calculate -10127 + 10106 - (8 - (-1 + 1)).
-29
-117 + (11 - -48) - (-2 + 5) - 21
-82
What is the value of 4 + -66 + 546 + -460 + (41 - 1)?
64
What is the value of 201 + (-11 - (50 + -35)) + -37?
138
Evaluate 4 + (73 + (16 - 14) + -11 + 4 - 8).
64
Calculate -251 + 223 - (-50 - 2) - -3.
27
What is the value of 23 + (0 - -1 - (24 + -2))?
2
(3 - (18 - 8)) + (0 - (-50 + 3)) + 6
46
Calculate (1 - -31) + (6651 - 6581).
102
What is (2 - 57) + (-49 - (-59 + -10)) - -12?
-23
Calculate (9 + 18 + 22 - 30) + 16.
35
-25 + (-23 - -23) + -14
-39
Evaluate (75 - (58 + 58)) + -38.
-79
-6 + (-76 - -81) + (36 - 7)
28
What is 567 + -550 + -23 + 1 + 1 + -20?
-24
-151 - (-95 + 21) - -66
-11
What is the value of 18 + (83 + 16 - 115)?
2
What is (-66 - (-15 + -52)) + (4 - (3 - 6))?
8
What is the value of -18 + 2 - (-8 + -19 - -37)?
-26
(-48 - -39 - -12) + (-2 - (3 + -3) - -11)
12
What is the value of (-2 - -2) + (54 - 55) + -48?
-49
What is the value of -81 + (-40 - 13) + 118?
-16
Evaluate 41 + 0 - (120 + -25 - 105).
51
What is 28 + -21 - (-60 - (-8 + (10 - 9)))?
60
What is the value of -14 + -19 + 34 + -4 + -19?
-22
(30 - (13 + -1)) + (-3 - 27)
-12
What is (-2 - (19 + -27 + -10 - (-8 - -1))) + 45?
54
-104 + 148 + -1 + -34
9
What is (127 - 144) + (-1 - 14) - (8 + -10)?
-30
What is the value of (-8 - (9 + -11 - (-14 - -11))) + (-1 - -35)?
25
Evaluate -82 + -31 + 289 + -43.
133
Evaluate (-83 - -67 - -77) + -53.
8
What is the value of (0 - -9) + (30 - (-7 - 13 - -36))?
23
What is the value of -200 + 178 + 2 + 11 + (4 - 9) + -2?
-16
Calculate (-22 + -2 + 6 - -4) + -272 + 240.
-46
Calculate 77 - 10 - -1 - -1 - (-1 + 2 + -6).
74
(-60 + 12 + 4 - -11) + (13 - 35)
-55
What is the value of -192 + (87 - 110) - -93?
-122
Calculate (1 + -12 - -3) + (-13 - (13 + 6 + -20)).
-20
(20 - (28 - -22)) + 12
-18
What is (2 + (-3 - 128) - (62 + -7 + -69)) + -9?
-124
Calculate (-2 - (12 - 18) - (0 + 4)) + -2.
-2
-107 + 99 + (-2 + 2 - 2 - -20) + 24
34
Calculate 200 - 180 - (76 - (8 + -4)).
-52
What is ((-21 - -6) + 20 - (53 + -1)) + (-8 - -10)?
-45
What is the value of -8 - (22 - ((-8 - -2 - (11 - 17)) + 7)